[INFO] cloning repository https://github.com/jnordwick/rik
[INFO] running `Command { std: "git" "-c" "credential.helper=" "-c" "credential.helper=/workspace/cargo-home/bin/git-credential-null" "clone" "--bare" "https://github.com/jnordwick/rik" "/workspace/cache/git-repos/https%3A%2F%2Fgithub.com%2Fjnordwick%2Frik", kill_on_drop: false }`
[INFO] [stderr] Cloning into bare repository '/workspace/cache/git-repos/https%3A%2F%2Fgithub.com%2Fjnordwick%2Frik'...
[INFO] running `Command { std: "git" "rev-parse" "HEAD", kill_on_drop: false }`
[INFO] [stdout] fe9fe4c337e3e4ceafeac15f8422b88f42cf41d9
[INFO] checking jnordwick/rik against master#cfbc6d4cf1acbac5c025acf8ed68929caa551df3 for pr-75494-beta
[INFO] running `Command { std: "git" "clone" "/workspace/cache/git-repos/https%3A%2F%2Fgithub.com%2Fjnordwick%2Frik" "/workspace/builds/worker-7/source", kill_on_drop: false }`
[INFO] [stderr] Cloning into '/workspace/builds/worker-7/source'...
[INFO] [stderr] done.
[INFO] validating manifest of git repo https://github.com/jnordwick/rik on toolchain cfbc6d4cf1acbac5c025acf8ed68929caa551df3
[INFO] running `Command { std: "/workspace/cargo-home/bin/cargo" "+cfbc6d4cf1acbac5c025acf8ed68929caa551df3" "read-manifest" "--manifest-path" "Cargo.toml", kill_on_drop: false }`
[INFO] started tweaking git repo https://github.com/jnordwick/rik
[INFO] finished tweaking git repo https://github.com/jnordwick/rik
[INFO] tweaked toml for git repo https://github.com/jnordwick/rik written to /workspace/builds/worker-7/source/Cargo.toml
[INFO] crate git repo https://github.com/jnordwick/rik already has a lockfile, it will not be regenerated
[INFO] running `Command { std: "/workspace/cargo-home/bin/cargo" "+cfbc6d4cf1acbac5c025acf8ed68929caa551df3" "fetch" "--locked" "--manifest-path" "Cargo.toml", kill_on_drop: false }`
[INFO] [stderr] error: the lock file /workspace/builds/worker-7/source/Cargo.lock needs to be updated but --locked was passed to prevent this
[INFO] [stderr] If you want to try to generate the lock file without accessing the network, use the --offline flag.
[INFO] the lockfile is outdated, regenerating it
[INFO] running `Command { std: "/workspace/cargo-home/bin/cargo" "+cfbc6d4cf1acbac5c025acf8ed68929caa551df3" "generate-lockfile" "--manifest-path" "Cargo.toml" "-Zno-index-update", kill_on_drop: false }`
[INFO] running `Command { std: "/workspace/cargo-home/bin/cargo" "+cfbc6d4cf1acbac5c025acf8ed68929caa551df3" "fetch" "--locked" "--manifest-path" "Cargo.toml", kill_on_drop: false }`
[INFO] running `Command { std: "docker" "create" "-v" "/var/lib/crater-agent-workspace/builds/worker-7/target:/opt/rustwide/target:rw,Z" "-v" "/var/lib/crater-agent-workspace/builds/worker-7/source:/opt/rustwide/workdir:ro,Z" "-v" "/var/lib/crater-agent-workspace/cargo-home:/opt/rustwide/cargo-home:ro,Z" "-v" "/var/lib/crater-agent-workspace/rustup-home:/opt/rustwide/rustup-home:ro,Z" "-e" "SOURCE_DIR=/opt/rustwide/workdir" "-e" "CARGO_TARGET_DIR=/opt/rustwide/target" "-e" "CARGO_HOME=/opt/rustwide/cargo-home" "-e" "RUSTUP_HOME=/opt/rustwide/rustup-home" "-w" "/opt/rustwide/workdir" "-m" "1610612736" "--user" "0:0" "--network" "none" "rustops/crates-build-env@sha256:a636fd89d022f18117e1dc8fb37a0a009933cdbbe082814857f0e2024962d47c" "/opt/rustwide/cargo-home/bin/cargo" "+cfbc6d4cf1acbac5c025acf8ed68929caa551df3" "metadata" "--no-deps" "--format-version=1", kill_on_drop: false }`
[INFO] [stdout] bbe27e23fdd2477e941d8a946dbbd5cbbe3d0238f687a1f50a1911e216cf1a66
[INFO] [stderr] WARNING: Your kernel does not support swap limit capabilities or the cgroup is not mounted. Memory limited without swap.
[INFO] running `Command { std: "docker" "start" "-a" "bbe27e23fdd2477e941d8a946dbbd5cbbe3d0238f687a1f50a1911e216cf1a66", kill_on_drop: false }`
[INFO] running `Command { std: "docker" "inspect" "bbe27e23fdd2477e941d8a946dbbd5cbbe3d0238f687a1f50a1911e216cf1a66", kill_on_drop: false }`
[INFO] running `Command { std: "docker" "rm" "-f" "bbe27e23fdd2477e941d8a946dbbd5cbbe3d0238f687a1f50a1911e216cf1a66", kill_on_drop: false }`
[INFO] [stdout] bbe27e23fdd2477e941d8a946dbbd5cbbe3d0238f687a1f50a1911e216cf1a66
[INFO] running `Command { std: "docker" "create" "-v" "/var/lib/crater-agent-workspace/builds/worker-7/target:/opt/rustwide/target:rw,Z" "-v" "/var/lib/crater-agent-workspace/builds/worker-7/source:/opt/rustwide/workdir:ro,Z" "-v" "/var/lib/crater-agent-workspace/cargo-home:/opt/rustwide/cargo-home:ro,Z" "-v" "/var/lib/crater-agent-workspace/rustup-home:/opt/rustwide/rustup-home:ro,Z" "-e" "SOURCE_DIR=/opt/rustwide/workdir" "-e" "CARGO_TARGET_DIR=/opt/rustwide/target" "-e" "CARGO_INCREMENTAL=0" "-e" "RUST_BACKTRACE=full" "-e" "RUSTFLAGS=--cap-lints=forbid" "-e" "CARGO_HOME=/opt/rustwide/cargo-home" "-e" "RUSTUP_HOME=/opt/rustwide/rustup-home" "-w" "/opt/rustwide/workdir" "-m" "1610612736" "--user" "0:0" "--network" "none" "rustops/crates-build-env@sha256:a636fd89d022f18117e1dc8fb37a0a009933cdbbe082814857f0e2024962d47c" "/opt/rustwide/cargo-home/bin/cargo" "+cfbc6d4cf1acbac5c025acf8ed68929caa551df3" "check" "--frozen" "--all" "--all-targets" "--message-format=json", kill_on_drop: false }`
[INFO] [stdout] d5ba7d7598b5f54530e70c567c412b337553ff9d65f52948a5c308e4d1309835
[INFO] [stderr] WARNING: Your kernel does not support swap limit capabilities or the cgroup is not mounted. Memory limited without swap.
[INFO] running `Command { std: "docker" "start" "-a" "d5ba7d7598b5f54530e70c567c412b337553ff9d65f52948a5c308e4d1309835", kill_on_drop: false }`
[INFO] [stderr]    Compiling log v0.4.11
[INFO] [stderr]     Checking cfg-if v0.1.10
[INFO] [stderr]     Checking log v0.3.9
[INFO] [stderr]     Checking rik v0.1.0 (/opt/rustwide/workdir)
[INFO] [stdout] error[E0432]: unresolved import `std::io::BufStream`
[INFO] [stdout]  --> src/konnection.rs:1:21
[INFO] [stdout]   |
[INFO] [stdout] 1 | use std::io::{self, BufStream};
[INFO] [stdout]   |                     ^^^^^^^^^ no `BufStream` in `io`
[INFO] [stdout] 
[INFO] [stdout] 
[INFO] [stdout] error[E0554]: `#![feature]` may not be used on the beta release channel
[INFO] [stdout]  --> src/lib.rs:2:1
[INFO] [stdout]   |
[INFO] [stdout] 2 | #![feature(buf_stream)]
[INFO] [stdout]   | ^^^^^^^^^^^^^^^^^^^^^^^
[INFO] [stdout] 
[INFO] [stdout] 
[INFO] [stdout] error[E0554]: `#![feature]` may not be used on the beta release channel
[INFO] [stdout]  --> src/lib.rs:3:1
[INFO] [stdout]   |
[INFO] [stdout] 3 | #![feature(convert)]
[INFO] [stdout]   | ^^^^^^^^^^^^^^^^^^^^
[INFO] [stdout] 
[INFO] [stdout] 
[INFO] [stdout] warning: unused import: `std::result::Result`
[INFO] [stdout]  --> src/konnection.rs:5:5
[INFO] [stdout]   |
[INFO] [stdout] 5 | use std::result::Result;
[INFO] [stdout]   |     ^^^^^^^^^^^^^^^^^^^
[INFO] [stdout]   |
[INFO] [stdout]   = note: `#[warn(unused_imports)]` on by default
[INFO] [stdout] 
[INFO] [stdout] 
[INFO] [stdout] warning: `...` range patterns are deprecated
[INFO] [stdout]    --> src/kobjects.rs:186:16
[INFO] [stdout]     |
[INFO] [stdout] 186 |             -19...-4 | -2...-1 => cast_add!(KObject::Atom, Self::parse_atom(msg), 0),
[INFO] [stdout]     |                ^^^ help: use `..=` for an inclusive range
[INFO] [stdout]     |
[INFO] [stdout]     = note: `#[warn(ellipsis_inclusive_range_patterns)]` on by default
[INFO] [stdout] 
[INFO] [stdout] 
[INFO] [stdout] warning: `...` range patterns are deprecated
[INFO] [stdout]    --> src/kobjects.rs:186:26
[INFO] [stdout]     |
[INFO] [stdout] 186 |             -19...-4 | -2...-1 => cast_add!(KObject::Atom, Self::parse_atom(msg), 0),
[INFO] [stdout]     |                          ^^^ help: use `..=` for an inclusive range
[INFO] [stdout] 
[INFO] [stdout] 
[INFO] [stdout] warning: `...` range patterns are deprecated
[INFO] [stdout]    --> src/kobjects.rs:187:14
[INFO] [stdout]     |
[INFO] [stdout] 187 |             0...2 | 4...19 => cast_add!(KObject::Vector, Self::parse_vector(msg), 0),
[INFO] [stdout]     |              ^^^ help: use `..=` for an inclusive range
[INFO] [stdout] 
[INFO] [stdout] 
[INFO] [stdout] warning: `...` range patterns are deprecated
[INFO] [stdout]    --> src/kobjects.rs:187:22
[INFO] [stdout]     |
[INFO] [stdout] 187 |             0...2 | 4...19 => cast_add!(KObject::Vector, Self::parse_vector(msg), 0),
[INFO] [stdout]     |                      ^^^ help: use `..=` for an inclusive range
[INFO] [stdout] 
[INFO] [stdout] 
[INFO] [stdout] warning: `...` range patterns are deprecated
[INFO] [stdout]    --> src/kobjects.rs:190:16
[INFO] [stdout]     |
[INFO] [stdout] 190 |             100...111 => cast_add!(KObject::Function, Self::parse_function(msg), 0),
[INFO] [stdout]     |                ^^^ help: use `..=` for an inclusive range
[INFO] [stdout] 
[INFO] [stdout] 
[INFO] [stdout] warning: `...` range patterns are deprecated
[INFO] [stdout]    --> src/kobjects.rs:199:16
[INFO] [stdout]     |
[INFO] [stdout] 199 |             101...103 => (KFunction::PrimVerb((val_type, msg[1] as i8)), 2),
[INFO] [stdout]     |                ^^^ help: use `..=` for an inclusive range
[INFO] [stdout] 
[INFO] [stdout] 
[INFO] [stdout] warning: `...` range patterns are deprecated
[INFO] [stdout]    --> src/kobjects.rs:202:16
[INFO] [stdout]     |
[INFO] [stdout] 202 |             106...111 =>  cast_add!(KFunction::Adverb, Self::parse_adverb(&msg), 0),
[INFO] [stdout]     |                ^^^ help: use `..=` for an inclusive range
[INFO] [stdout] 
[INFO] [stdout] 
[INFO] [stdout] error[E0432]: unresolved import `std::io::BufStream`
[INFO] [stdout]  --> src/konnection.rs:1:21
[INFO] [stdout]   |
[INFO] [stdout] 1 | use std::io::{self, BufStream};
[INFO] [stdout]   |                     ^^^^^^^^^ no `BufStream` in `io`
[INFO] [stdout] 
[INFO] [stdout] 
[INFO] [stdout] error[E0554]: `#![feature]` may not be used on the beta release channel
[INFO] [stdout]  --> src/lib.rs:2:1
[INFO] [stdout]   |
[INFO] [stdout] 2 | #![feature(buf_stream)]
[INFO] [stdout]   | ^^^^^^^^^^^^^^^^^^^^^^^
[INFO] [stdout] 
[INFO] [stdout] 
[INFO] [stdout] error[E0554]: `#![feature]` may not be used on the beta release channel
[INFO] [stdout]  --> src/lib.rs:3:1
[INFO] [stdout]   |
[INFO] [stdout] 3 | #![feature(convert)]
[INFO] [stdout]   | ^^^^^^^^^^^^^^^^^^^^
[INFO] [stdout] 
[INFO] [stdout] 
[INFO] [stdout] warning: unused import: `std::result::Result`
[INFO] [stdout]  --> src/konnection.rs:5:5
[INFO] [stdout]   |
[INFO] [stdout] 5 | use std::result::Result;
[INFO] [stdout]   |     ^^^^^^^^^^^^^^^^^^^
[INFO] [stdout]   |
[INFO] [stdout]   = note: `#[warn(unused_imports)]` on by default
[INFO] [stdout] 
[INFO] [stdout] 
[INFO] [stdout] warning: `...` range patterns are deprecated
[INFO] [stdout]    --> src/kobjects.rs:186:16
[INFO] [stdout]     |
[INFO] [stdout] 186 |             -19...-4 | -2...-1 => cast_add!(KObject::Atom, Self::parse_atom(msg), 0),
[INFO] [stdout]     |                ^^^ help: use `..=` for an inclusive range
[INFO] [stdout]     |
[INFO] [stdout]     = note: `#[warn(ellipsis_inclusive_range_patterns)]` on by default
[INFO] [stdout] 
[INFO] [stdout] 
[INFO] [stdout] warning: `...` range patterns are deprecated
[INFO] [stdout]    --> src/kobjects.rs:186:26
[INFO] [stdout]     |
[INFO] [stdout] 186 |             -19...-4 | -2...-1 => cast_add!(KObject::Atom, Self::parse_atom(msg), 0),
[INFO] [stdout]     |                          ^^^ help: use `..=` for an inclusive range
[INFO] [stdout] 
[INFO] [stdout] 
[INFO] [stdout] warning: `...` range patterns are deprecated
[INFO] [stdout]    --> src/kobjects.rs:187:14
[INFO] [stdout]     |
[INFO] [stdout] 187 |             0...2 | 4...19 => cast_add!(KObject::Vector, Self::parse_vector(msg), 0),
[INFO] [stdout]     |              ^^^ help: use `..=` for an inclusive range
[INFO] [stdout] 
[INFO] [stdout] 
[INFO] [stdout] warning: `...` range patterns are deprecated
[INFO] [stdout]    --> src/kobjects.rs:187:22
[INFO] [stdout]     |
[INFO] [stdout] 187 |             0...2 | 4...19 => cast_add!(KObject::Vector, Self::parse_vector(msg), 0),
[INFO] [stdout]     |                      ^^^ help: use `..=` for an inclusive range
[INFO] [stdout] 
[INFO] [stdout] 
[INFO] [stdout] warning: `...` range patterns are deprecated
[INFO] [stdout]    --> src/kobjects.rs:190:16
[INFO] [stdout]     |
[INFO] [stdout] 190 |             100...111 => cast_add!(KObject::Function, Self::parse_function(msg), 0),
[INFO] [stdout]     |                ^^^ help: use `..=` for an inclusive range
[INFO] [stdout] 
[INFO] [stdout] 
[INFO] [stdout] warning: `...` range patterns are deprecated
[INFO] [stdout]    --> src/kobjects.rs:199:16
[INFO] [stdout]     |
[INFO] [stdout] 199 |             101...103 => (KFunction::PrimVerb((val_type, msg[1] as i8)), 2),
[INFO] [stdout]     |                ^^^ help: use `..=` for an inclusive range
[INFO] [stdout] 
[INFO] [stdout] 
[INFO] [stdout] warning: `...` range patterns are deprecated
[INFO] [stdout]    --> src/kobjects.rs:202:16
[INFO] [stdout]     |
[INFO] [stdout] 202 |             106...111 =>  cast_add!(KFunction::Adverb, Self::parse_adverb(&msg), 0),
[INFO] [stdout]     |                ^^^ help: use `..=` for an inclusive range
[INFO] [stdout] 
[INFO] [stdout] 
[INFO] [stdout] warning: unused import: `std::io::prelude`
[INFO] [stdout]  --> src/konnection.rs:2:5
[INFO] [stdout]   |
[INFO] [stdout] 2 | use std::io::prelude::*;
[INFO] [stdout]   |     ^^^^^^^^^^^^^^^^
[INFO] [stdout] 
[INFO] [stdout] 
[INFO] [stdout] error: aborting due to 3 previous errors; 9 warnings emitted
[INFO] [stdout] 
[INFO] [stdout] 
[INFO] [stdout] Some errors have detailed explanations: E0432, E0554.
[INFO] [stdout] 
[INFO] [stdout] For more information about an error, try `rustc --explain E0432`.
[INFO] [stdout] 
[INFO] [stderr] error: could not compile `rik`.
[INFO] [stderr] 
[INFO] [stderr] To learn more, run the command again with --verbose.
[INFO] [stderr] warning: build failed, waiting for other jobs to finish...
[INFO] [stdout] warning: unused import: `std::io::prelude`
[INFO] [stdout]  --> src/konnection.rs:2:5
[INFO] [stdout]   |
[INFO] [stdout] 2 | use std::io::prelude::*;
[INFO] [stdout]   |     ^^^^^^^^^^^^^^^^
[INFO] [stdout] 
[INFO] [stdout] 
[INFO] [stdout] error: aborting due to 3 previous errors; 9 warnings emitted
[INFO] [stdout] 
[INFO] [stdout] 
[INFO] [stdout] Some errors have detailed explanations: E0432, E0554.
[INFO] [stdout] 
[INFO] [stdout] For more information about an error, try `rustc --explain E0432`.
[INFO] [stdout] 
[INFO] [stderr] error: build failed
[INFO] running `Command { std: "docker" "inspect" "d5ba7d7598b5f54530e70c567c412b337553ff9d65f52948a5c308e4d1309835", kill_on_drop: false }`
[INFO] running `Command { std: "docker" "rm" "-f" "d5ba7d7598b5f54530e70c567c412b337553ff9d65f52948a5c308e4d1309835", kill_on_drop: false }`
[INFO] [stdout] d5ba7d7598b5f54530e70c567c412b337553ff9d65f52948a5c308e4d1309835
